*3 - 4*k**2 + k + 28. Let l be y(-4). Suppose -45 = -2*q - 3*q. Let i = q + -5. What is the highest common divisor of l and i?
4
Suppose 8 = -4*j - 2*w, -5*w - 13 - 7 = j. Suppose j = -40*k + 38*k + 300. What is the greatest common divisor of 15 and k?
15
Suppose 5*h + m - 322 = 0, -43*m + 40*m - 74 = -h. Calculate the greatest common divisor of h and 5.
5
Suppose 6*i + 5*x = 190, 3*i - 67*x = -66*x + 88. Let y = 13 + -1. Calculate the highest common divisor of y and i.
6
Let b be (-24)/(-9) - 2 - 348/9. Let t = 71 + b. Calculate the highest common divisor of t and 22.
11
Suppose t + t = 72. Suppose -2*w = -330 + t. Suppose -4*p + 5*f = -w, -3*p + 0*f = -4*f - 110. Calculate the greatest common divisor of 19 and p.
19
Suppose 5*c = 10*c - 4*w - 26, -3*c = -3*w - 15. What is the greatest common factor of c and 54?
6
Let w(r) be the first derivative of r**4/2 - 10*r**3/3 - 9*r**2/2 + 6*r + 28. Let m be w(6). What is the highest common factor of m and 40?
8
Suppose 8*t = 13*t + 295. Suppose 104 = -5*p + p. Let n = p - t. What is the greatest common divisor of n and 11?
11
Let w(y) = 51*y**2 - 6*y - 12. Let g be w(-3). What is the highest common factor of g and 15?
15
Let g = 901 + -874. Let n = -68 - -95. Calculate the greatest common divisor of n and g.
27
Let n = -35 - -36. Suppose i + 5*j = -i + n, -j + 5 = i. Calculate the highest common divisor of 8 and i.
8
Suppose -5*a - 29 = -199. Calculate the greatest common divisor of 238 and a.
34
Let r(v) = -v**3 - 4*v**2 - 5*v + 196. Let m be r(0). Calculate the greatest common factor of m and 84.
28
Suppose -7*j + 2*j = -5. Suppose 0 = -0*o - 5*o + 10. Suppose 3*l + 0*l - 3*t = 18, -3*l = -o*t - 13. What is the greatest common factor of l and j?
1
Let y be (24 - 16)/((-6)/(-429)). What is the highest common divisor of 44 and y?
44
Let s(t) be the first derivative of -5*t**2 + 6*t - 11. Let a be s(-1). What is the greatest common factor of 128 and a?
16
Let m(p) be the third derivative of 7*p**4/12 - 4*p**3 + 30*p**2. Let s be m(4). Calculate the greatest common factor of s and 288.
32
Let z(y) = y**3 + 16*y**2 + 14*y - 7. Suppose -2*i - 2*i = 60. Let h be z(i). What is the greatest common divisor of h and 12?
4
Suppose 0 = w + 27 - 28. Let g be 1/((-165)/170 + w). Calculate the highest common divisor of 374 and g.
34
Let q(w) = w**3 + 7*w**2 + 5*w - 1. Let z(x) = -5*x + x + 10 - 6*x + x**2. Let a be z(8). Let u be q(a). What is the greatest common divisor of 35 and u?
5
Let i be 10 - (-216)/(-22) - 31/(-11). What is the greatest common factor of 17 and i?
1
Let z = 169 + -117. Let t = 74 - z. Calculate the greatest common factor of 11 and t.
11
Let k(h) = h**2 - h + 5. Let n be k(2). Calculate the greatest common factor of 77 and n.
7
Let w be 1070/14 - 48/112. Let m be 511/14 + (-3)/(-2). What is the greatest common divisor of w and m?
38
Suppose 19*l - 24*l + 50 = 0. Let h(x) = -9*x - 1. Let u(o) = o - 1. Let k(m) = -h(m) - 6*u(m). Let d be k(6). Calculate the highest common divisor of l and d.
5
Let w be (-18)/(-45) + 217/(-5) + -1. Let z be (-1 - -39)/((w/6)/(-11)). What is the highest common divisor of 3 and z?
3
Let u(b) = -b**2 - 11*b + 15. Let i be u(-12). Let d be i/(-15) + 1162/35. What is the highest common factor of d and 3?
3
Let h be 1528/32 + 2/8. Suppose -5*x + 5*l + 183 - 13 = 0, 4*l - 86 = -2*x. Let j = x - 5. Calculate the greatest common divisor of j and h.
16
Suppose l - 2*l + 5 = 0. Suppose -5*b - 4 + 54 = -l*w, -3*b = 3*w - 12. Suppose -m + 4*m - 126 = 0. What is the highest common factor of b and m?
7
Suppose 3*w = -4*h + 96, h + 0*h - 24 = 3*w. Suppose 0 = -4*l + 6 + 6. What is the greatest common divisor of h and l?
3
Let s = -14 - -42. Calculate the highest common factor of s and 476.
28
Let w(t) = 6*t - 35. Let v be w(16). Suppose 3*j = -3*q - q + 176, j - q - v = 0. Calculate the greatest common divisor of 24 and j.
12
Let b = -499 - -590. Calculate the greatest common divisor of b and 14.
7
Let u(j) = j**3 + 7*j**2 + 6*j - 4. Let f be u(-5). Let p(t) = 65*t**2 - 1. Let h be p(-1). What is the greatest common divisor of f and h?
16
Suppose -7*c = c. Suppose -66*y + 63*y + 3 = c. Calculate the highest common factor of 1 and y.
1
Let a be (1 - 14/5)*-5. Let b = -7 + a. Suppose 0 = 2*d + j - 34, d + 2*j + 22 = b*d. What is the highest common divisor of 126 and d?
18
Let k(j) = 13 + 13 - 25 + j + 116*j**2. Let d be k(-1). What is the highest common divisor of 29 and d?
29
Suppose 28*m = 11*m + 9010. Calculate the greatest common factor of m and 5.
5
Let n be (-33)/(-6)*(-8 - 0)/(-4). Calculate the highest common factor of n and 55.
11
Suppose z + 3*z = 36. Suppose z*c = 12*c - 69. What is the greatest common divisor of 23 and c?
23
Suppose 0 - 18 = -3*q + p, -2*q = 4*p - 12. What is the greatest common divisor of 114 and q?
6
Let x be 1/(-4 - -2)*-10. Suppose -4*f + 29 = x*n, -28 = -5*n - 4*f + f. Suppose 0 = -n*b + b + 20. What is the highest common divisor of b and 25?
5
Let o(s) = -s**3 + 3*s + 125. Let j be o(0). Calculate the greatest common divisor of j and 25.
25
Let l be 228/14*(6 + 1). Let h be 39/6 - 10/(-20). Suppose 8*q = h*q + 76. What is the highest common factor of l and q?
38
Let o(q) = 2*q**3 + 29*q**2 - 14*q + 16. Let f be o(-15). Suppose v + v + 6 = 0. Let k = 4 + v. Calculate the greatest common divisor of k and f.
1
Suppose 5 = 4*y - 23. Let j be ((-48)/40)/(4/(-10)). Suppose 3 = -j*z, 4*p = y*p - 4*z - 49. What is the highest common factor of 60 and p?
15
Let p(z) = -2*z**3 - 3*z**2 - z + 2. Let a be p(-3). Suppose a = -13*i + 17*i. What is the highest common divisor of i and 40?
8
Let x = -1105 - -1433. Let m be 6/21 + 570/14. What is the highest common factor of x and m?
41
Let m(u) = u**3 + u. Let p be m(-3). Let z be (-6)/10 - 78/p. Suppose 0 = 4*b + 12, -z*t - 4*b = -6*t + 104. What is the highest common divisor of t and 161?
23
Let b(h) = 3*h + 21. Let w be b(-4). Suppose -4*u = 3*k - 23, -5*u + w = -2*u + 5*k. What is the highest common factor of u and 56?
8
Suppose 14*s - 46 = 346. What is the highest common factor of s and 560?
28
Suppose -39*b = 11*b - 6250. Calculate the highest common divisor of b and 1625.
125
Let n = 84 + -47. Let g = 49 - n. Suppose -2*p - p + 108 = 0. Calculate the greatest common divisor of g and p.
12
Let b be (-2 - -65)*4/12. Suppose 5*a + l - b = 4*a, 2*a - 5*l = 49. Suppose c + a = 3*c. Calculate the highest common factor of c and 99.
11
Let s(a) = -a**2 + 8*a + 12*a + 15*a - 4*a + 84. Let q be s(32). Calculate the highest common factor of q and 364.
52
Let z(j) = -3*j + 76. Let x be z(16). What is the greatest common divisor of 126 and x?
14
Let c = 46 + 20. Suppose -42*f = 389 - 1313. What is the highest common factor of f and c?
22
Let j be -25 + (-1 + (3 - 1))*3. Let b = -62 + 104. Let h = b + j. What is the highest common factor of h and 80?
20
Let n be (9 - 3) + (7 - -14). What is the greatest common factor of n and 171?
9
Suppose -5*f - 9 + 34 = 0. Let n be (f/((-45)/(-24)))/(2/9). Calculate the greatest common factor of 96 and n.
12
Let d be ((-6)/2 - 57) + 1. Let w = 13 - d. What is the highest common divisor of 24 and w?
24
Suppose 0 = -112*g + 121*g - 9. Calculate the highest common divisor of 41 and g.
1
Let g = -882 - -620. Let l = g + 416. What is the greatest common divisor of 14 and l?
14
Let r = 24 + 12. Let m be (r/27)/((-2)/(-33)). Calculate the highest common divisor of m and 176.
22
Suppose 18*l - 38*l + 120 = 0. Calculate the highest common divisor of 60 and l.
6
Let l(p) = p**3 + 10*p**2 + 7*p - 7. Let k be l(-9). Let a = 21 - 13. Let m be 174/a - 10/(-40). Calculate the greatest common factor of m and k.
11
Let j(c) = 23*c**2 - 3*c - 2. Let h be j(-2). Let z = h - 56. What is the greatest common divisor of 8 and z?
8
Let y = -28 - -20. Let m be y/((1 - 0)*-2). Suppose -96 = -m*r + 112. Calculate the highest common divisor of 13 and r.
13
Let v be (-2)/6 + 332/6. Suppose g = -5*n - 0*n + 23, n - g - 7 = 0. Let r be (-1)/(-5) - (-109)/n. Calculate the highest common divisor of v and r.
11
Let p(f) = f - 1. Let u(l) = -l**2 + 9*l + 5. Let s(j) = -5*p(j) - u(j). Let r be s(16). Calculate the highest common divisor of r and 64.
32
Let z be (-6004)/(-50) + 3 - 60/750. What is the highest comm